{"version":"1.0","provider_name":"T&#039;Estim","provider_url":"https:\/\/testim-mallorca.com\/de\/","author_name":"Bazan Support","author_url":"https:\/\/testim-mallorca.com\/de\/author\/bazan-support\/","title":"Ein engagiertes Team - T&#039;Estim","type":"rich","width":600,"height":338,"html":"<blockquote class=\"wp-embedded-content\" data-secret=\"xsKS7ceXGA\"><a href=\"https:\/\/testim-mallorca.com\/de\/ueber-uns\/\">Ein engagiertes Team<\/a><\/blockquote><iframe sandbox=\"allow-scripts\" security=\"restricted\" src=\"https:\/\/testim-mallorca.com\/de\/ueber-uns\/embed\/#?secret=xsKS7ceXGA\" width=\"600\" height=\"338\" title=\"&#8222;Ein engagiertes Team&#8220; &#8212; T&#039;Estim\" data-secret=\"xsKS7ceXGA\" frameborder=\"0\" marginwidth=\"0\" marginheight=\"0\" scrolling=\"no\" class=\"wp-embedded-content\"><\/iframe><script type=\"text\/javascript\">\n\/* <![CDATA[ *\/\n\/*! This file is auto-generated *\/\n!function(d,l){\"use strict\";l.querySelector&&d.addEventListener&&\"undefined\"!=typeof URL&&(d.wp=d.wp||{},d.wp.receiveEmbedMessage||(d.wp.receiveEmbedMessage=function(e){var t=e.data;if((t||t.secret||t.message||t.value)&&!\/[^a-zA-Z0-9]\/.test(t.secret)){for(var s,r,n,a=l.querySelectorAll('iframe[data-secret=\"'+t.secret+'\"]'),o=l.querySelectorAll('blockquote[data-secret=\"'+t.secret+'\"]'),c=new RegExp(\"^https?:$\",\"i\"),i=0;i<o.length;i++)o[i].style.display=\"none\";for(i=0;i<a.length;i++)s=a[i],e.source===s.contentWindow&&(s.removeAttribute(\"style\"),\"height\"===t.message?(1e3<(r=parseInt(t.value,10))?r=1e3:~~r<200&&(r=200),s.height=r):\"link\"===t.message&&(r=new URL(s.getAttribute(\"src\")),n=new URL(t.value),c.test(n.protocol))&&n.host===r.host&&l.activeElement===s&&(d.top.location.href=t.value))}},d.addEventListener(\"message\",d.wp.receiveEmbedMessage,!1),l.addEventListener(\"DOMContentLoaded\",function(){for(var e,t,s=l.querySelectorAll(\"iframe.wp-embedded-content\"),r=0;r<s.length;r++)(t=(e=s[r]).getAttribute(\"data-secret\"))||(t=Math.random().toString(36).substring(2,12),e.src+=\"#?secret=\"+t,e.setAttribute(\"data-secret\",t)),e.contentWindow.postMessage({message:\"ready\",secret:t},\"*\")},!1)))}(window,document);\n\/* ]]> *\/\n<\/script>\n","thumbnail_url":"https:\/\/testim-mallorca.com\/wp-content\/uploads\/2020\/08\/estel-de-llevant-associacio-mallorca-salud-mental-1024x557.png","thumbnail_width":1024,"thumbnail_height":557,"description":"[vc_row css=&#8220;.vc_custom_1559134125722{padding-top: 10px !important;padding-bottom: 100px !important;}&#8220;][vc_column css=&#8220;.vc_custom_1558959371819{padding-right: 40px !important;}&#8220;][vc_column_text] Estel de Llevant und die Bedeutungder psychischen Gesundheit. &nbsp; Estel de Llevant ist ein gemeinn\u00fctziger Verein, der 1996 gegr\u00fcndet wurde. Unsere Hauptaufgabe besteht darin, Menschen mit Warmherzigkeit und Freude dabei zu unterst\u00fctzen, ihre psychische Gesundheit zu pflegen, zu bewahren und zu verbessern. Derzeit hilft der Verein, der zu den f\u00fchrenden Einrichtungen f\u00fcr psychische Gesundheit auf Mallorca z\u00e4hlt, \u00fcber 225 Menschen mit schweren psychischen St\u00f6rungen und ihren Familien dabei, ihre Lebensqualit\u00e4t zu verbessern. Ziel ist es, den Betroffenen die notwendige Unterst\u00fctzung zu bieten, damit sie ein selbstst\u00e4ndiges und erf\u00fclltes Leben f\u00fchren k\u00f6nnen. Seit 2014 geh\u00f6rt Estel de Llevant zu 3Salut Mental, einem Zusammenschluss mit unseren Schwesterorganisationen Associaci\u00f3 Gira-Sol und Fundaci\u00f3 Es Garrover, der den Wissensaustausch, die Entwicklung eines optimalen Betreuungsmodells und soziale Innovationen f\u00f6rdern soll. [\/vc_column_text][vc_single_image image=&#8220;6717&#8243; img_size=&#8220;medium&#8220; alignment=&#8220;center&#8220;][vc_empty_space][vc_column_text] Weitere Informationen finden Sie hier: www.esteldellevant.org\u00a0 \u00a0|\u00a0 \u00a0www.3salutmental.com [\/vc_column_text][vc_single_image image=&#8220;6774&#8243; img_size=&#8220;full&#8220;][\/vc_column][\/vc_row][vc_row][vc_column][\/vc_column][\/vc_row][vc_row full_width=&#8220;stretch_row&#8220; bg_cws_repeat=&#8220;no-repeat&#8220; bg_cws_size=&#8220;cover&#8220; bg_image_position=&#8220;center_center&#8220; crop=&#8220;1&#8243; crop_style=&#8220;style_2&#8243; css=&#8220;.vc_custom_1594820651204{background-image: url(https:\/\/bazan-lab.com\/testim\/wp-content\/uploads\/2020\/07\/testim-infusiones-de-mallorca-infusiones-para-bajar-los-trigliceridos-altos.jpg?id=6615) !important;}&#8220;][vc_column][\/vc_column][\/vc_row][vc_row full_width=&#8220;stretch_row&#8220; bg_cws_repeat=&#8220;no-repeat&#8220; bg_cws_size=&#8220;cover&#8220; bg_image_position=&#8220;center_center&#8220; crop=&#8220;1&#8243; crop_style=&#8220;style_5&#8243; css=&#8220;.vc_custom_1596808135230{margin-top: -90px !important;background-color: #81b4bf !important;}&#8220;][vc_column][vc_row_inner][vc_column_inner width=&#8220;1\/3&#8243;][\/vc_column_inner][vc_column_inner width=&#8220;1\/3&#8243;][\/vc_column_inner][vc_column_inner width=&#8220;1\/3&#8243;][\/vc_column_inner][\/vc_row_inner][\/vc_column][\/vc_row][vc_row][vc_column][vc_row_inner][vc_column_inner width=&#8220;1\/5&#8243;][\/vc_column_inner][vc_column_inner width=&#8220;3\/5&#8243; css=&#8220;.vc_custom_1558963977132{padding-right: 20px !important;padding-left: 20px !important;}&#8220;][\/vc_column_inner][vc_column_inner width=&#8220;1\/5&#8243;][\/vc_column_inner][\/vc_row_inner][\/vc_column][\/vc_row][vc_row full_width=&#8220;stretch_row&#8220; bg_cws_repeat=&#8220;no-repeat&#8220; bg_cws_size=&#8220;cover&#8220; bg_image_position=&#8220;center_center&#8220; crop=&#8220;1&#8243; crop_style=&#8220;style_3&#8243; css=&#8220;.vc_custom_1594821135169{background: #f4f7e8 url(https:\/\/bazan-lab.com\/testim\/wp-content\/uploads\/2020\/07\/testim-infusiones-de-mallorca-tila-alpina-valeriana-infusion-te-a-granel.jpg?id=6605) !important;}&#8220;][vc_column][\/vc_column][\/vc_row]"}

[vc_row css=&#8220;.vc_custom_1559134125722{padding-top: 10px !important;padding-bottom: 100px !important;}&#8220;][vc_column css=&#8220;.vc_custom_1558959371819{padding-right: 40px !important;}&#8220;][vc_column_text] Estel de Llevant und die Bedeutungder psychischen Gesundheit. &nbsp; Estel de Llevant ist ein gemeinnütziger Verein, der 1996 gegründet wurde. Unsere Hauptaufgabe besteht darin, Menschen mit Warmherzigkeit und Freude dabei zu unterstützen, ihre psychische Gesundheit zu pflegen, zu bewahren und zu verbessern. Derzeit hilft der Verein, der zu den führenden Einrichtungen für psychische Gesundheit auf Mallorca zählt, über 225 Menschen mit schweren psychischen Störungen und ihren Familien dabei, ihre Lebensqualität zu verbessern. Ziel ist es, den Betroffenen die notwendige Unterstützung zu bieten, damit sie ein selbstständiges und erfülltes Leben führen können. Seit 2014 gehört Estel de Llevant zu 3Salut Mental, einem Zusammenschluss mit unseren Schwesterorganisationen Associació Gira-Sol und Fundació Es Garrover, der den Wissensaustausch, die Entwicklung eines optimalen Betreuungsmodells und soziale Innovationen fördern soll. [/vc_column_text][vc_single_image image=&#8220;6717&#8243; img_size=&#8220;medium&#8220; alignment=&#8220;center&#8220;][vc_empty_space][vc_column_text] Weitere Informationen finden Sie hier: www.esteldellevant.org   |   www.3salutmental.com [/vc_column_text][vc_single_image image=&#8220;6774&#8243; img_size=&#8220;full&#8220;][/vc_column][/vc_row][vc_row][vc_column][/vc_column][/vc_row][vc_row full_width=&#8220;stretch_row&#8220; bg_cws_repeat=&#8220;no-repeat&#8220; bg_cws_size=&#8220;cover&#8220; bg_image_position=&#8220;center_center&#8220; crop=&#8220;1&#8243; crop_style=&#8220;style_2&#8243; css=&#8220;.vc_custom_1594820651204{background-image: url(https://bazan-lab.com/testim/wp-content/uploads/2020/07/testim-infusiones-de-mallorca-infusiones-para-bajar-los-trigliceridos-altos.jpg?id=6615) !important;}&#8220;][vc_column][/vc_column][/vc_row][vc_row full_width=&#8220;stretch_row&#8220; bg_cws_repeat=&#8220;no-repeat&#8220; bg_cws_size=&#8220;cover&#8220; bg_image_position=&#8220;center_center&#8220; crop=&#8220;1&#8243; crop_style=&#8220;style_5&#8243; css=&#8220;.vc_custom_1596808135230{margin-top: -90px !important;background-color: #81b4bf !important;}&#8220;][vc_column][vc_row_inner][vc_column_inner width=&#8220;1/3&#8243;][/vc_column_inner][vc_column_inner width=&#8220;1/3&#8243;][/vc_column_inner][vc_column_inner width=&#8220;1/3&#8243;][/vc_column_inner][/vc_row_inner][/vc_column][/vc_row][vc_row][vc_column][vc_row_inner][vc_column_inner width=&#8220;1/5&#8243;][/vc_column_inner][vc_column_inner width=&#8220;3/5&#8243; css=&#8220;.vc_custom_1558963977132{padding-right: 20px !important;padding-left: 20px !important;}&#8220;][/vc_column_inner][vc_column_inner width=&#8220;1/5&#8243;][/vc_column_inner][/vc_row_inner][/vc_column][/vc_row][vc_row full_width=&#8220;stretch_row&#8220; bg_cws_repeat=&#8220;no-repeat&#8220; bg_cws_size=&#8220;cover&#8220; bg_image_position=&#8220;center_center&#8220; crop=&#8220;1&#8243; crop_style=&#8220;style_3&#8243; css=&#8220;.vc_custom_1594821135169{background: #f4f7e8 url(https://bazan-lab.com/testim/wp-content/uploads/2020/07/testim-infusiones-de-mallorca-tila-alpina-valeriana-infusion-te-a-granel.jpg?id=6605) !important;}&#8220;][vc_column][/vc_column][/vc_row]
