{"id":9378,"date":"2023-11-09T12:48:15","date_gmt":"2023-11-09T12:48:16","guid":{"rendered":"https:\/\/testim-mallorca.com\/?post_type=product&#038;p=9378"},"modified":"2024-06-05T09:33:35","modified_gmt":"2024-06-05T09:33:35","slug":"energie","status":"publish","type":"product","link":"https:\/\/testim-mallorca.com\/de\/producto\/energie\/","title":{"rendered":"ENERGIE"},"content":{"rendered":"<p style=\"text-align: center;\">40 % ECO-Rosmarin<\/p>\n<p style=\"text-align: center;\">30 % ECO-Gr\u00fcntee<\/p>\n<p style=\"text-align: center;\">30 % ECO-Minze<\/p>\n<p style=\"text-align: center;\">12 Pyramiden x 2 Gramm, insgesamt 24 g<\/p>\n","protected":false},"excerpt":{"rendered":"<p style=\"text-align: justify;\">K\u00f6stlicher Aufguss zur Revitalisierung von K\u00f6rper und Geist. Eine Portion gesunder und \u00f6kologischer Energie f\u00fcr die Zeiten, in denen wir einen zus\u00e4tzlichen Schub brauchen, um weiterzumachen.<\/p>\n","protected":false},"featured_media":9387,"comment_status":"open","ping_status":"closed","template":"","meta":{"_monsterinsights_skip_tracking":false,"_monsterinsights_sitenote_active":false,"_monsterinsights_sitenote_note":"","_monsterinsights_sitenote_category":0},"product_cat":[250],"product_tag":[244,245,246,247,248,249],"class_list":{"0":"post-9378","1":"product","2":"type-product","3":"status-publish","4":"has-post-thumbnail","6":"product_cat-mallorca-natural-de","7":"product_tag-herba-sana-en-de","8":"product_tag-infusion-en-de","9":"product_tag-te-en-de","10":"product_tag-te-ecologico-en-de","11":"product_tag-te-verd-en-de","12":"product_tag-te-verde-en-de","14":"first","15":"instock","16":"shipping-taxable","17":"purchasable","18":"product-type-simple"},"yoast_head":"<!-- This site is optimized with the Yoast SEO plugin v23.3 - https:\/\/yoast.com\/wordpress\/plugins\/seo\/ -->\n<title>ENERGIE - T&#039;Estim<\/title>\n<meta name=\"robots\" content=\"index, follow, max-snippet:-1, max-image-preview:large, max-video-preview:-1\" \/>\n<link rel=\"canonical\" href=\"https:\/\/testim-mallorca.com\/producto\/energia\/\" \/>\n<meta property=\"og:locale\" content=\"de_DE\" \/>\n<meta property=\"og:type\" content=\"article\" \/>\n<meta property=\"og:title\" content=\"ENERGIE - T&#039;Estim\" \/>\n<meta property=\"og:description\" content=\"K\u00f6stlicher Aufguss zur Revitalisierung von K\u00f6rper und Geist. Eine Portion gesunder und \u00f6kologischer Energie f\u00fcr die Zeiten, in denen wir einen zus\u00e4tzlichen Schub brauchen, um weiterzumachen.\" \/>\n<meta property=\"og:url\" content=\"https:\/\/testim-mallorca.com\/producto\/energia\/\" \/>\n<meta property=\"og:site_name\" content=\"T&#039;Estim\" \/>\n<meta property=\"article:publisher\" content=\"https:\/\/www.facebook.com\/testimmallorca\/\" \/>\n<meta property=\"article:modified_time\" content=\"2024-06-05T09:33:35+00:00\" \/>\n<meta property=\"og:image\" content=\"https:\/\/testim-mallorca.com\/wp-content\/uploads\/2023\/11\/19-Mallorca-NATURAL-Energia-1.jpg\" \/>\n\t<meta property=\"og:image:width\" content=\"1286\" \/>\n\t<meta property=\"og:image:height\" content=\"1654\" \/>\n\t<meta property=\"og:image:type\" content=\"image\/jpeg\" \/>\n<meta name=\"twitter:card\" content=\"summary_large_image\" \/>\n<meta name=\"twitter:site\" content=\"@testim_mallorca\" \/>\n<script type=\"application\/ld+json\" class=\"yoast-schema-graph\">{\"@context\":\"https:\/\/schema.org\",\"@graph\":[{\"@type\":\"WebPage\",\"@id\":\"https:\/\/testim-mallorca.com\/producto\/energia\/\",\"url\":\"https:\/\/testim-mallorca.com\/producto\/energia\/\",\"name\":\"ENERGIE - T&#039;Estim\",\"isPartOf\":{\"@id\":\"https:\/\/testim-mallorca.com\/#website\"},\"primaryImageOfPage\":{\"@id\":\"https:\/\/testim-mallorca.com\/producto\/energia\/#primaryimage\"},\"image\":{\"@id\":\"https:\/\/testim-mallorca.com\/producto\/energia\/#primaryimage\"},\"thumbnailUrl\":\"https:\/\/testim-mallorca.com\/wp-content\/uploads\/2023\/11\/19-Mallorca-NATURAL-Energia-1.jpg\",\"datePublished\":\"2023-11-09T12:48:16+00:00\",\"dateModified\":\"2024-06-05T09:33:35+00:00\",\"breadcrumb\":{\"@id\":\"https:\/\/testim-mallorca.com\/producto\/energia\/#breadcrumb\"},\"inLanguage\":\"de-DE\",\"potentialAction\":[{\"@type\":\"ReadAction\",\"target\":[\"https:\/\/testim-mallorca.com\/producto\/energia\/\"]}]},{\"@type\":\"ImageObject\",\"inLanguage\":\"de-DE\",\"@id\":\"https:\/\/testim-mallorca.com\/producto\/energia\/#primaryimage\",\"url\":\"https:\/\/testim-mallorca.com\/wp-content\/uploads\/2023\/11\/19-Mallorca-NATURAL-Energia-1.jpg\",\"contentUrl\":\"https:\/\/testim-mallorca.com\/wp-content\/uploads\/2023\/11\/19-Mallorca-NATURAL-Energia-1.jpg\",\"width\":1286,\"height\":1654},{\"@type\":\"BreadcrumbList\",\"@id\":\"https:\/\/testim-mallorca.com\/producto\/energia\/#breadcrumb\",\"itemListElement\":[{\"@type\":\"ListItem\",\"position\":1,\"name\":\"Portada\",\"item\":\"https:\/\/testim-mallorca.com\/de\/\"},{\"@type\":\"ListItem\",\"position\":2,\"name\":\"Shop\",\"item\":\"https:\/\/testim-mallorca.com\/de\/shop\/\"},{\"@type\":\"ListItem\",\"position\":3,\"name\":\"ENERGIE\"}]},{\"@type\":\"WebSite\",\"@id\":\"https:\/\/testim-mallorca.com\/#website\",\"url\":\"https:\/\/testim-mallorca.com\/\",\"name\":\"T&#039;Estim\",\"description\":\"Infusions i tes ecol\u00f2gics de Mallorca\",\"publisher\":{\"@id\":\"https:\/\/testim-mallorca.com\/#organization\"},\"potentialAction\":[{\"@type\":\"SearchAction\",\"target\":{\"@type\":\"EntryPoint\",\"urlTemplate\":\"https:\/\/testim-mallorca.com\/?s={search_term_string}\"},\"query-input\":\"required name=search_term_string\"}],\"inLanguage\":\"de-DE\"},{\"@type\":\"Organization\",\"@id\":\"https:\/\/testim-mallorca.com\/#organization\",\"name\":\"T'Estim Mallorca\",\"url\":\"https:\/\/testim-mallorca.com\/\",\"logo\":{\"@type\":\"ImageObject\",\"inLanguage\":\"de-DE\",\"@id\":\"https:\/\/testim-mallorca.com\/#\/schema\/logo\/image\/\",\"url\":\"https:\/\/testim-mallorca.com\/wp-content\/uploads\/2022\/06\/Logo-testim-web-new.png\",\"contentUrl\":\"https:\/\/testim-mallorca.com\/wp-content\/uploads\/2022\/06\/Logo-testim-web-new.png\",\"width\":500,\"height\":173,\"caption\":\"T'Estim Mallorca\"},\"image\":{\"@id\":\"https:\/\/testim-mallorca.com\/#\/schema\/logo\/image\/\"},\"sameAs\":[\"https:\/\/www.facebook.com\/testimmallorca\/\",\"https:\/\/x.com\/testim_mallorca\",\"https:\/\/www.instagram.com\/testim_mallorca_\/\",\"https:\/\/www.linkedin.com\/company\/testim-mallorca\/about\/\"]}]}<\/script>\n<!-- \/ Yoast SEO plugin. -->","yoast_head_json":{"title":"ENERGIE - T&#039;Estim","robots":{"index":"index","follow":"follow","max-snippet":"max-snippet:-1","max-image-preview":"max-image-preview:large","max-video-preview":"max-video-preview:-1"},"canonical":"https:\/\/testim-mallorca.com\/producto\/energia\/","og_locale":"de_DE","og_type":"article","og_title":"ENERGIE - T&#039;Estim","og_description":"K\u00f6stlicher Aufguss zur Revitalisierung von K\u00f6rper und Geist. Eine Portion gesunder und \u00f6kologischer Energie f\u00fcr die Zeiten, in denen wir einen zus\u00e4tzlichen Schub brauchen, um weiterzumachen.","og_url":"https:\/\/testim-mallorca.com\/producto\/energia\/","og_site_name":"T&#039;Estim","article_publisher":"https:\/\/www.facebook.com\/testimmallorca\/","article_modified_time":"2024-06-05T09:33:35+00:00","og_image":[{"width":1286,"height":1654,"url":"https:\/\/testim-mallorca.com\/wp-content\/uploads\/2023\/11\/19-Mallorca-NATURAL-Energia-1.jpg","type":"image\/jpeg"}],"twitter_card":"summary_large_image","twitter_site":"@testim_mallorca","schema":{"@context":"https:\/\/schema.org","@graph":[{"@type":"WebPage","@id":"https:\/\/testim-mallorca.com\/producto\/energia\/","url":"https:\/\/testim-mallorca.com\/producto\/energia\/","name":"ENERGIE - T&#039;Estim","isPartOf":{"@id":"https:\/\/testim-mallorca.com\/#website"},"primaryImageOfPage":{"@id":"https:\/\/testim-mallorca.com\/producto\/energia\/#primaryimage"},"image":{"@id":"https:\/\/testim-mallorca.com\/producto\/energia\/#primaryimage"},"thumbnailUrl":"https:\/\/testim-mallorca.com\/wp-content\/uploads\/2023\/11\/19-Mallorca-NATURAL-Energia-1.jpg","datePublished":"2023-11-09T12:48:16+00:00","dateModified":"2024-06-05T09:33:35+00:00","breadcrumb":{"@id":"https:\/\/testim-mallorca.com\/producto\/energia\/#breadcrumb"},"inLanguage":"de-DE","potentialAction":[{"@type":"ReadAction","target":["https:\/\/testim-mallorca.com\/producto\/energia\/"]}]},{"@type":"ImageObject","inLanguage":"de-DE","@id":"https:\/\/testim-mallorca.com\/producto\/energia\/#primaryimage","url":"https:\/\/testim-mallorca.com\/wp-content\/uploads\/2023\/11\/19-Mallorca-NATURAL-Energia-1.jpg","contentUrl":"https:\/\/testim-mallorca.com\/wp-content\/uploads\/2023\/11\/19-Mallorca-NATURAL-Energia-1.jpg","width":1286,"height":1654},{"@type":"BreadcrumbList","@id":"https:\/\/testim-mallorca.com\/producto\/energia\/#breadcrumb","itemListElement":[{"@type":"ListItem","position":1,"name":"Portada","item":"https:\/\/testim-mallorca.com\/de\/"},{"@type":"ListItem","position":2,"name":"Shop","item":"https:\/\/testim-mallorca.com\/de\/shop\/"},{"@type":"ListItem","position":3,"name":"ENERGIE"}]},{"@type":"WebSite","@id":"https:\/\/testim-mallorca.com\/#website","url":"https:\/\/testim-mallorca.com\/","name":"T&#039;Estim","description":"Infusions i tes ecol\u00f2gics de Mallorca","publisher":{"@id":"https:\/\/testim-mallorca.com\/#organization"},"potentialAction":[{"@type":"SearchAction","target":{"@type":"EntryPoint","urlTemplate":"https:\/\/testim-mallorca.com\/?s={search_term_string}"},"query-input":"required name=search_term_string"}],"inLanguage":"de-DE"},{"@type":"Organization","@id":"https:\/\/testim-mallorca.com\/#organization","name":"T'Estim Mallorca","url":"https:\/\/testim-mallorca.com\/","logo":{"@type":"ImageObject","inLanguage":"de-DE","@id":"https:\/\/testim-mallorca.com\/#\/schema\/logo\/image\/","url":"https:\/\/testim-mallorca.com\/wp-content\/uploads\/2022\/06\/Logo-testim-web-new.png","contentUrl":"https:\/\/testim-mallorca.com\/wp-content\/uploads\/2022\/06\/Logo-testim-web-new.png","width":500,"height":173,"caption":"T'Estim Mallorca"},"image":{"@id":"https:\/\/testim-mallorca.com\/#\/schema\/logo\/image\/"},"sameAs":["https:\/\/www.facebook.com\/testimmallorca\/","https:\/\/x.com\/testim_mallorca","https:\/\/www.instagram.com\/testim_mallorca_\/","https:\/\/www.linkedin.com\/company\/testim-mallorca\/about\/"]}]}},"_links":{"self":[{"href":"https:\/\/testim-mallorca.com\/de\/wp-json\/wp\/v2\/product\/9378"}],"collection":[{"href":"https:\/\/testim-mallorca.com\/de\/wp-json\/wp\/v2\/product"}],"about":[{"href":"https:\/\/testim-mallorca.com\/de\/wp-json\/wp\/v2\/types\/product"}],"replies":[{"embeddable":true,"href":"https:\/\/testim-mallorca.com\/de\/wp-json\/wp\/v2\/comments?post=9378"}],"wp:featuredmedia":[{"embeddable":true,"href":"https:\/\/testim-mallorca.com\/de\/wp-json\/wp\/v2\/media\/9387"}],"wp:attachment":[{"href":"https:\/\/testim-mallorca.com\/de\/wp-json\/wp\/v2\/media?parent=9378"}],"wp:term":[{"taxonomy":"product_cat","embeddable":true,"href":"https:\/\/testim-mallorca.com\/de\/wp-json\/wp\/v2\/product_cat?post=9378"},{"taxonomy":"product_tag","embeddable":true,"href":"https:\/\/testim-mallorca.com\/de\/wp-json\/wp\/v2\/product_tag?post=9378"}],"curies":[{"name":"wp","href":"https:\/\/api.w.org\/{rel}","templated":true}]}}

<p style="text-align: center;">40 % ECO-Rosmarin</p>
<p style="text-align: center;">30 % ECO-Grüntee</p>
<p style="text-align: center;">30 % ECO-Minze</p>
<p style="text-align: center;">12 Pyramiden x 2 Gramm, insgesamt 24 g</p>

<p style="text-align: justify;">Köstlicher Aufguss zur Revitalisierung von Körper und Geist. Eine Portion gesunder und ökologischer Energie für die Zeiten, in denen wir einen zusätzlichen Schub brauchen, um weiterzumachen.</p>

<!-- This site is optimized with the Yoast SEO plugin v23.3 - https://yoast.com/wordpress/plugins/seo/ -->
<title>ENERGIE - T&#039;Estim</title>
<meta name="robots" content="index, follow, max-snippet:-1, max-image-preview:large, max-video-preview:-1" />
<link rel="canonical" href="https://testim-mallorca.com/producto/energia/" />
<meta property="og:locale" content="de_DE" />
<meta property="og:type" content="article" />
<meta property="og:title" content="ENERGIE - T&#039;Estim" />
<meta property="og:description" content="Köstlicher Aufguss zur Revitalisierung von Körper und Geist. Eine Portion gesunder und ökologischer Energie für die Zeiten, in denen wir einen zusätzlichen Schub brauchen, um weiterzumachen." />
<meta property="og:url" content="https://testim-mallorca.com/producto/energia/" />
<meta property="og:site_name" content="T&#039;Estim" />
<meta property="article:publisher" content="https://www.facebook.com/testimmallorca/" />
<meta property="article:modified_time" content="2024-06-05T09:33:35+00:00" />
<meta property="og:image" content="https://testim-mallorca.com/wp-content/uploads/2023/11/19-Mallorca-NATURAL-Energia-1.jpg" />
	<meta property="og:image:width" content="1286" />
	<meta property="og:image:height" content="1654" />
	<meta property="og:image:type" content="image/jpeg" />
<meta name="twitter:card" content="summary_large_image" />
<meta name="twitter:site" content="@testim_mallorca" />
<script type="application/ld+json" class="yoast-schema-graph">{"@context":"https://schema.org","@graph":[{"@type":"WebPage","@id":"https://testim-mallorca.com/producto/energia/","url":"https://testim-mallorca.com/producto/energia/","name":"ENERGIE - T&#039;Estim","isPartOf":{"@id":"https://testim-mallorca.com/#website"},"primaryImageOfPage":{"@id":"https://testim-mallorca.com/producto/energia/#primaryimage"},"image":{"@id":"https://testim-mallorca.com/producto/energia/#primaryimage"},"thumbnailUrl":"https://testim-mallorca.com/wp-content/uploads/2023/11/19-Mallorca-NATURAL-Energia-1.jpg","datePublished":"2023-11-09T12:48:16+00:00","dateModified":"2024-06-05T09:33:35+00:00","breadcrumb":{"@id":"https://testim-mallorca.com/producto/energia/#breadcrumb"},"inLanguage":"de-DE","potentialAction":[{"@type":"ReadAction","target":["https://testim-mallorca.com/producto/energia/"]}]},{"@type":"ImageObject","inLanguage":"de-DE","@id":"https://testim-mallorca.com/producto/energia/#primaryimage","url":"https://testim-mallorca.com/wp-content/uploads/2023/11/19-Mallorca-NATURAL-Energia-1.jpg","contentUrl":"https://testim-mallorca.com/wp-content/uploads/2023/11/19-Mallorca-NATURAL-Energia-1.jpg","width":1286,"height":1654},{"@type":"BreadcrumbList","@id":"https://testim-mallorca.com/producto/energia/#breadcrumb","itemListElement":[{"@type":"ListItem","position":1,"name":"Portada","item":"https://testim-mallorca.com/de/"},{"@type":"ListItem","position":2,"name":"Shop","item":"https://testim-mallorca.com/de/shop/"},{"@type":"ListItem","position":3,"name":"ENERGIE"}]},{"@type":"WebSite","@id":"https://testim-mallorca.com/#website","url":"https://testim-mallorca.com/","name":"T&#039;Estim","description":"Infusions i tes ecològics de Mallorca","publisher":{"@id":"https://testim-mallorca.com/#organization"},"potentialAction":[{"@type":"SearchAction","target":{"@type":"EntryPoint","urlTemplate":"https://testim-mallorca.com/?s={search_term_string}"},"query-input":"required name=search_term_string"}],"inLanguage":"de-DE"},{"@type":"Organization","@id":"https://testim-mallorca.com/#organization","name":"T'Estim Mallorca","url":"https://testim-mallorca.com/","logo":{"@type":"ImageObject","inLanguage":"de-DE","@id":"https://testim-mallorca.com/#/schema/logo/image/","url":"https://testim-mallorca.com/wp-content/uploads/2022/06/Logo-testim-web-new.png","contentUrl":"https://testim-mallorca.com/wp-content/uploads/2022/06/Logo-testim-web-new.png","width":500,"height":173,"caption":"T'Estim Mallorca"},"image":{"@id":"https://testim-mallorca.com/#/schema/logo/image/"},"sameAs":["https://www.facebook.com/testimmallorca/","https://x.com/testim_mallorca","https://www.instagram.com/testim_mallorca_/","https://www.linkedin.com/company/testim-mallorca/about/"]}]}</script>
<!-- / Yoast SEO plugin. -->

Köstlicher Aufguss zur Revitalisierung von Körper und Geist. Eine Portion gesunder und ökologischer Energie für die Zeiten, in denen wir einen zusätzlichen Schub brauchen, um weiterzumachen.

Infusions i tes ecològics de Mallorca
