{"id":9676,"date":"2025-12-15T08:19:16","date_gmt":"2025-12-15T08:19:16","guid":{"rendered":"https:\/\/testim-mallorca.com\/?post_type=product&#038;p=9676"},"modified":"2026-02-16T15:02:24","modified_gmt":"2026-02-16T15:02:24","slug":"techai","status":"publish","type":"product","link":"https:\/\/testim-mallorca.com\/de\/producto\/techai\/","title":{"rendered":"CHAI-TEE"},"content":{"rendered":"<p style=\"text-align: center;\">Bio-Schwarztee Assam aus S\u00fcdindien<br \/>\nBio-Zimtst\u00fccke<br \/>\nBio-Fenchel<br \/>\nBio-Ingwer<br \/>\nBio-Anis<br \/>\nBio-Nelken<br \/>\nBio-gemahlener Kardamom<br \/>\n12 Pyramiden \u00d7 2 Gramm, 24 g insgesamt<\/p>\n","protected":false},"excerpt":{"rendered":"<p style=\"text-align: justify;\">Unser Chai-Tee vereint Zimt, Ingwer und traditionelle Gew\u00fcrze zu einem intensiven und umh\u00fcllenden Geschmackserlebnis.<\/p>\n<p>Diese Mischung aus s\u00fcdindischem Assam-Schwarztee und BIO-Gew\u00fcrzen wird seit fast zwei Jahrhunderten nicht nur wegen ihres kulinarischen Wertes, sondern auch als Heilgetr\u00e4nk zubereitet. Sie enth\u00e4lt eine gro\u00dfe Menge an Antioxidantien, die zur Vorbeugung von Herzproblemen beitragen. Au\u00dferdem ist sie wirksam gegen schwere Magen-Darm-Infektionen und unterst\u00fctzt eine bessere Funktion des Verdauungssystems.<\/p>\n<p><strong>Eigenschaften:<\/strong> entz\u00fcndungshemmend, schmerzlindernd, verbessert die Verdauung, die Stimmung und den Blutzuckerspiegel.<\/p>\n","protected":false},"featured_media":9681,"comment_status":"open","ping_status":"closed","template":"","meta":{"_monsterinsights_skip_tracking":false,"_monsterinsights_sitenote_active":false,"_monsterinsights_sitenote_note":"","_monsterinsights_sitenote_category":0},"product_cat":[243],"product_tag":[244,245,246,247,248,249],"class_list":{"0":"post-9676","1":"product","2":"type-product","3":"status-publish","4":"has-post-thumbnail","6":"product_cat-mallorca-serena-en-de","7":"product_tag-herba-sana-en-de","8":"product_tag-infusion-en-de","9":"product_tag-te-en-de","10":"product_tag-te-ecologico-en-de","11":"product_tag-te-verd-en-de","12":"product_tag-te-verde-en-de","14":"first","15":"instock","16":"shipping-taxable","17":"purchasable","18":"product-type-simple"},"yoast_head":"<!-- This site is optimized with the Yoast SEO plugin v23.3 - https:\/\/yoast.com\/wordpress\/plugins\/seo\/ -->\n<title>CHAI-TEE - T&#039;Estim<\/title>\n<meta name=\"robots\" content=\"index, follow, max-snippet:-1, max-image-preview:large, max-video-preview:-1\" \/>\n<link rel=\"canonical\" href=\"https:\/\/testim-mallorca.com\/de\/producto\/techai\/\" \/>\n<meta property=\"og:locale\" content=\"de_DE\" \/>\n<meta property=\"og:type\" content=\"article\" \/>\n<meta property=\"og:title\" content=\"CHAI-TEE - T&#039;Estim\" \/>\n<meta property=\"og:description\" content=\"Unser Chai-Tee vereint Zimt, Ingwer und traditionelle Gew\u00fcrze zu einem intensiven und umh\u00fcllenden Geschmackserlebnis. Diese Mischung aus s\u00fcdindischem Assam-Schwarztee und BIO-Gew\u00fcrzen wird seit fast zwei Jahrhunderten nicht nur wegen ihres kulinarischen Wertes, sondern auch als Heilgetr\u00e4nk zubereitet. Sie enth\u00e4lt eine gro\u00dfe Menge an Antioxidantien, die zur Vorbeugung von Herzproblemen beitragen. Au\u00dferdem ist sie wirksam gegen schwere Magen-Darm-Infektionen und unterst\u00fctzt eine bessere Funktion des Verdauungssystems.  Eigenschaften: entz\u00fcndungshemmend, schmerzlindernd, verbessert die Verdauung, die Stimmung und den Blutzuckerspiegel.\" \/>\n<meta property=\"og:url\" content=\"https:\/\/testim-mallorca.com\/de\/producto\/techai\/\" \/>\n<meta property=\"og:site_name\" content=\"T&#039;Estim\" \/>\n<meta property=\"article:publisher\" content=\"https:\/\/www.facebook.com\/testimmallorca\/\" \/>\n<meta property=\"article:modified_time\" content=\"2026-02-16T15:02:24+00:00\" \/>\n<meta property=\"og:image\" content=\"https:\/\/testim-mallorca.com\/wp-content\/uploads\/2025\/12\/Mallorca-SERENA-Te-Chai-scaled.jpg\" \/>\n\t<meta property=\"og:image:width\" content=\"1990\" \/>\n\t<meta property=\"og:image:height\" content=\"2560\" \/>\n\t<meta property=\"og:image:type\" content=\"image\/jpeg\" \/>\n<meta name=\"twitter:card\" content=\"summary_large_image\" \/>\n<meta name=\"twitter:site\" content=\"@testim_mallorca\" \/>\n<meta name=\"twitter:label1\" content=\"Gesch\u00e4tzte Lesezeit\" \/>\n\t<meta name=\"twitter:data1\" content=\"1 Minute\" \/>\n<script type=\"application\/ld+json\" class=\"yoast-schema-graph\">{\"@context\":\"https:\/\/schema.org\",\"@graph\":[{\"@type\":\"WebPage\",\"@id\":\"https:\/\/testim-mallorca.com\/de\/producto\/techai\/\",\"url\":\"https:\/\/testim-mallorca.com\/de\/producto\/techai\/\",\"name\":\"CHAI-TEE - T&#039;Estim\",\"isPartOf\":{\"@id\":\"https:\/\/testim-mallorca.com\/#website\"},\"primaryImageOfPage\":{\"@id\":\"https:\/\/testim-mallorca.com\/de\/producto\/techai\/#primaryimage\"},\"image\":{\"@id\":\"https:\/\/testim-mallorca.com\/de\/producto\/techai\/#primaryimage\"},\"thumbnailUrl\":\"https:\/\/testim-mallorca.com\/wp-content\/uploads\/2025\/12\/Mallorca-SERENA-Te-Chai-scaled.jpg\",\"datePublished\":\"2025-12-15T08:19:16+00:00\",\"dateModified\":\"2026-02-16T15:02:24+00:00\",\"breadcrumb\":{\"@id\":\"https:\/\/testim-mallorca.com\/de\/producto\/techai\/#breadcrumb\"},\"inLanguage\":\"de-DE\",\"potentialAction\":[{\"@type\":\"ReadAction\",\"target\":[\"https:\/\/testim-mallorca.com\/de\/producto\/techai\/\"]}]},{\"@type\":\"ImageObject\",\"inLanguage\":\"de-DE\",\"@id\":\"https:\/\/testim-mallorca.com\/de\/producto\/techai\/#primaryimage\",\"url\":\"https:\/\/testim-mallorca.com\/wp-content\/uploads\/2025\/12\/Mallorca-SERENA-Te-Chai-scaled.jpg\",\"contentUrl\":\"https:\/\/testim-mallorca.com\/wp-content\/uploads\/2025\/12\/Mallorca-SERENA-Te-Chai-scaled.jpg\",\"width\":1990,\"height\":2560,\"caption\":\"OLYMPUS DIGITAL CAMERA\"},{\"@type\":\"BreadcrumbList\",\"@id\":\"https:\/\/testim-mallorca.com\/de\/producto\/techai\/#breadcrumb\",\"itemListElement\":[{\"@type\":\"ListItem\",\"position\":1,\"name\":\"Portada\",\"item\":\"https:\/\/testim-mallorca.com\/de\/\"},{\"@type\":\"ListItem\",\"position\":2,\"name\":\"Shop\",\"item\":\"https:\/\/testim-mallorca.com\/de\/shop\/\"},{\"@type\":\"ListItem\",\"position\":3,\"name\":\"CHAI-TEE\"}]},{\"@type\":\"WebSite\",\"@id\":\"https:\/\/testim-mallorca.com\/#website\",\"url\":\"https:\/\/testim-mallorca.com\/\",\"name\":\"T&#039;Estim\",\"description\":\"Infusions i tes ecol\u00f2gics de Mallorca\",\"publisher\":{\"@id\":\"https:\/\/testim-mallorca.com\/#organization\"},\"potentialAction\":[{\"@type\":\"SearchAction\",\"target\":{\"@type\":\"EntryPoint\",\"urlTemplate\":\"https:\/\/testim-mallorca.com\/?s={search_term_string}\"},\"query-input\":\"required name=search_term_string\"}],\"inLanguage\":\"de-DE\"},{\"@type\":\"Organization\",\"@id\":\"https:\/\/testim-mallorca.com\/#organization\",\"name\":\"T'Estim Mallorca\",\"url\":\"https:\/\/testim-mallorca.com\/\",\"logo\":{\"@type\":\"ImageObject\",\"inLanguage\":\"de-DE\",\"@id\":\"https:\/\/testim-mallorca.com\/#\/schema\/logo\/image\/\",\"url\":\"https:\/\/testim-mallorca.com\/wp-content\/uploads\/2022\/06\/Logo-testim-web-new.png\",\"contentUrl\":\"https:\/\/testim-mallorca.com\/wp-content\/uploads\/2022\/06\/Logo-testim-web-new.png\",\"width\":500,\"height\":173,\"caption\":\"T'Estim Mallorca\"},\"image\":{\"@id\":\"https:\/\/testim-mallorca.com\/#\/schema\/logo\/image\/\"},\"sameAs\":[\"https:\/\/www.facebook.com\/testimmallorca\/\",\"https:\/\/x.com\/testim_mallorca\",\"https:\/\/www.instagram.com\/testim_mallorca_\/\",\"https:\/\/www.linkedin.com\/company\/testim-mallorca\/about\/\"]}]}<\/script>\n<!-- \/ Yoast SEO plugin. -->","yoast_head_json":{"title":"CHAI-TEE - T&#039;Estim","robots":{"index":"index","follow":"follow","max-snippet":"max-snippet:-1","max-image-preview":"max-image-preview:large","max-video-preview":"max-video-preview:-1"},"canonical":"https:\/\/testim-mallorca.com\/de\/producto\/techai\/","og_locale":"de_DE","og_type":"article","og_title":"CHAI-TEE - T&#039;Estim","og_description":"Unser Chai-Tee vereint Zimt, Ingwer und traditionelle Gew\u00fcrze zu einem intensiven und umh\u00fcllenden Geschmackserlebnis. Diese Mischung aus s\u00fcdindischem Assam-Schwarztee und BIO-Gew\u00fcrzen wird seit fast zwei Jahrhunderten nicht nur wegen ihres kulinarischen Wertes, sondern auch als Heilgetr\u00e4nk zubereitet. Sie enth\u00e4lt eine gro\u00dfe Menge an Antioxidantien, die zur Vorbeugung von Herzproblemen beitragen. Au\u00dferdem ist sie wirksam gegen schwere Magen-Darm-Infektionen und unterst\u00fctzt eine bessere Funktion des Verdauungssystems.  Eigenschaften: entz\u00fcndungshemmend, schmerzlindernd, verbessert die Verdauung, die Stimmung und den Blutzuckerspiegel.","og_url":"https:\/\/testim-mallorca.com\/de\/producto\/techai\/","og_site_name":"T&#039;Estim","article_publisher":"https:\/\/www.facebook.com\/testimmallorca\/","article_modified_time":"2026-02-16T15:02:24+00:00","og_image":[{"width":1990,"height":2560,"url":"https:\/\/testim-mallorca.com\/wp-content\/uploads\/2025\/12\/Mallorca-SERENA-Te-Chai-scaled.jpg","type":"image\/jpeg"}],"twitter_card":"summary_large_image","twitter_site":"@testim_mallorca","twitter_misc":{"Gesch\u00e4tzte Lesezeit":"1 Minute"},"schema":{"@context":"https:\/\/schema.org","@graph":[{"@type":"WebPage","@id":"https:\/\/testim-mallorca.com\/de\/producto\/techai\/","url":"https:\/\/testim-mallorca.com\/de\/producto\/techai\/","name":"CHAI-TEE - T&#039;Estim","isPartOf":{"@id":"https:\/\/testim-mallorca.com\/#website"},"primaryImageOfPage":{"@id":"https:\/\/testim-mallorca.com\/de\/producto\/techai\/#primaryimage"},"image":{"@id":"https:\/\/testim-mallorca.com\/de\/producto\/techai\/#primaryimage"},"thumbnailUrl":"https:\/\/testim-mallorca.com\/wp-content\/uploads\/2025\/12\/Mallorca-SERENA-Te-Chai-scaled.jpg","datePublished":"2025-12-15T08:19:16+00:00","dateModified":"2026-02-16T15:02:24+00:00","breadcrumb":{"@id":"https:\/\/testim-mallorca.com\/de\/producto\/techai\/#breadcrumb"},"inLanguage":"de-DE","potentialAction":[{"@type":"ReadAction","target":["https:\/\/testim-mallorca.com\/de\/producto\/techai\/"]}]},{"@type":"ImageObject","inLanguage":"de-DE","@id":"https:\/\/testim-mallorca.com\/de\/producto\/techai\/#primaryimage","url":"https:\/\/testim-mallorca.com\/wp-content\/uploads\/2025\/12\/Mallorca-SERENA-Te-Chai-scaled.jpg","contentUrl":"https:\/\/testim-mallorca.com\/wp-content\/uploads\/2025\/12\/Mallorca-SERENA-Te-Chai-scaled.jpg","width":1990,"height":2560,"caption":"OLYMPUS DIGITAL CAMERA"},{"@type":"BreadcrumbList","@id":"https:\/\/testim-mallorca.com\/de\/producto\/techai\/#breadcrumb","itemListElement":[{"@type":"ListItem","position":1,"name":"Portada","item":"https:\/\/testim-mallorca.com\/de\/"},{"@type":"ListItem","position":2,"name":"Shop","item":"https:\/\/testim-mallorca.com\/de\/shop\/"},{"@type":"ListItem","position":3,"name":"CHAI-TEE"}]},{"@type":"WebSite","@id":"https:\/\/testim-mallorca.com\/#website","url":"https:\/\/testim-mallorca.com\/","name":"T&#039;Estim","description":"Infusions i tes ecol\u00f2gics de Mallorca","publisher":{"@id":"https:\/\/testim-mallorca.com\/#organization"},"potentialAction":[{"@type":"SearchAction","target":{"@type":"EntryPoint","urlTemplate":"https:\/\/testim-mallorca.com\/?s={search_term_string}"},"query-input":"required name=search_term_string"}],"inLanguage":"de-DE"},{"@type":"Organization","@id":"https:\/\/testim-mallorca.com\/#organization","name":"T'Estim Mallorca","url":"https:\/\/testim-mallorca.com\/","logo":{"@type":"ImageObject","inLanguage":"de-DE","@id":"https:\/\/testim-mallorca.com\/#\/schema\/logo\/image\/","url":"https:\/\/testim-mallorca.com\/wp-content\/uploads\/2022\/06\/Logo-testim-web-new.png","contentUrl":"https:\/\/testim-mallorca.com\/wp-content\/uploads\/2022\/06\/Logo-testim-web-new.png","width":500,"height":173,"caption":"T'Estim Mallorca"},"image":{"@id":"https:\/\/testim-mallorca.com\/#\/schema\/logo\/image\/"},"sameAs":["https:\/\/www.facebook.com\/testimmallorca\/","https:\/\/x.com\/testim_mallorca","https:\/\/www.instagram.com\/testim_mallorca_\/","https:\/\/www.linkedin.com\/company\/testim-mallorca\/about\/"]}]}},"_links":{"self":[{"href":"https:\/\/testim-mallorca.com\/de\/wp-json\/wp\/v2\/product\/9676"}],"collection":[{"href":"https:\/\/testim-mallorca.com\/de\/wp-json\/wp\/v2\/product"}],"about":[{"href":"https:\/\/testim-mallorca.com\/de\/wp-json\/wp\/v2\/types\/product"}],"replies":[{"embeddable":true,"href":"https:\/\/testim-mallorca.com\/de\/wp-json\/wp\/v2\/comments?post=9676"}],"wp:featuredmedia":[{"embeddable":true,"href":"https:\/\/testim-mallorca.com\/de\/wp-json\/wp\/v2\/media\/9681"}],"wp:attachment":[{"href":"https:\/\/testim-mallorca.com\/de\/wp-json\/wp\/v2\/media?parent=9676"}],"wp:term":[{"taxonomy":"product_cat","embeddable":true,"href":"https:\/\/testim-mallorca.com\/de\/wp-json\/wp\/v2\/product_cat?post=9676"},{"taxonomy":"product_tag","embeddable":true,"href":"https:\/\/testim-mallorca.com\/de\/wp-json\/wp\/v2\/product_tag?post=9676"}],"curies":[{"name":"wp","href":"https:\/\/api.w.org\/{rel}","templated":true}]}}

<p style="text-align: center;">Bio-Schwarztee Assam aus Südindien<br />
Bio-Zimtstücke<br />
Bio-Fenchel<br />
Bio-Ingwer<br />
Bio-Anis<br />
Bio-Nelken<br />
Bio-gemahlener Kardamom<br />
12 Pyramiden × 2 Gramm, 24 g insgesamt</p>

<p style="text-align: justify;">Unser Chai-Tee vereint Zimt, Ingwer und traditionelle Gewürze zu einem intensiven und umhüllenden Geschmackserlebnis.</p>
<p>Diese Mischung aus südindischem Assam-Schwarztee und BIO-Gewürzen wird seit fast zwei Jahrhunderten nicht nur wegen ihres kulinarischen Wertes, sondern auch als Heilgetränk zubereitet. Sie enthält eine große Menge an Antioxidantien, die zur Vorbeugung von Herzproblemen beitragen. Außerdem ist sie wirksam gegen schwere Magen-Darm-Infektionen und unterstützt eine bessere Funktion des Verdauungssystems.</p>
<p><strong>Eigenschaften:</strong> entzündungshemmend, schmerzlindernd, verbessert die Verdauung, die Stimmung und den Blutzuckerspiegel.</p>

<!-- This site is optimized with the Yoast SEO plugin v23.3 - https://yoast.com/wordpress/plugins/seo/ -->
<title>CHAI-TEE - T&#039;Estim</title>
<meta name="robots" content="index, follow, max-snippet:-1, max-image-preview:large, max-video-preview:-1" />
<link rel="canonical" href="https://testim-mallorca.com/de/producto/techai/" />
<meta property="og:locale" content="de_DE" />
<meta property="og:type" content="article" />
<meta property="og:title" content="CHAI-TEE - T&#039;Estim" />
<meta property="og:description" content="Unser Chai-Tee vereint Zimt, Ingwer und traditionelle Gewürze zu einem intensiven und umhüllenden Geschmackserlebnis. Diese Mischung aus südindischem Assam-Schwarztee und BIO-Gewürzen wird seit fast zwei Jahrhunderten nicht nur wegen ihres kulinarischen Wertes, sondern auch als Heilgetränk zubereitet. Sie enthält eine große Menge an Antioxidantien, die zur Vorbeugung von Herzproblemen beitragen. Außerdem ist sie wirksam gegen schwere Magen-Darm-Infektionen und unterstützt eine bessere Funktion des Verdauungssystems.  Eigenschaften: entzündungshemmend, schmerzlindernd, verbessert die Verdauung, die Stimmung und den Blutzuckerspiegel." />
<meta property="og:url" content="https://testim-mallorca.com/de/producto/techai/" />
<meta property="og:site_name" content="T&#039;Estim" />
<meta property="article:publisher" content="https://www.facebook.com/testimmallorca/" />
<meta property="article:modified_time" content="2026-02-16T15:02:24+00:00" />
<meta property="og:image" content="https://testim-mallorca.com/wp-content/uploads/2025/12/Mallorca-SERENA-Te-Chai-scaled.jpg" />
	<meta property="og:image:width" content="1990" />
	<meta property="og:image:height" content="2560" />
	<meta property="og:image:type" content="image/jpeg" />
<meta name="twitter:card" content="summary_large_image" />
<meta name="twitter:site" content="@testim_mallorca" />
<meta name="twitter:label1" content="Geschätzte Lesezeit" />
	<meta name="twitter:data1" content="1 Minute" />
<script type="application/ld+json" class="yoast-schema-graph">{"@context":"https://schema.org","@graph":[{"@type":"WebPage","@id":"https://testim-mallorca.com/de/producto/techai/","url":"https://testim-mallorca.com/de/producto/techai/","name":"CHAI-TEE - T&#039;Estim","isPartOf":{"@id":"https://testim-mallorca.com/#website"},"primaryImageOfPage":{"@id":"https://testim-mallorca.com/de/producto/techai/#primaryimage"},"image":{"@id":"https://testim-mallorca.com/de/producto/techai/#primaryimage"},"thumbnailUrl":"https://testim-mallorca.com/wp-content/uploads/2025/12/Mallorca-SERENA-Te-Chai-scaled.jpg","datePublished":"2025-12-15T08:19:16+00:00","dateModified":"2026-02-16T15:02:24+00:00","breadcrumb":{"@id":"https://testim-mallorca.com/de/producto/techai/#breadcrumb"},"inLanguage":"de-DE","potentialAction":[{"@type":"ReadAction","target":["https://testim-mallorca.com/de/producto/techai/"]}]},{"@type":"ImageObject","inLanguage":"de-DE","@id":"https://testim-mallorca.com/de/producto/techai/#primaryimage","url":"https://testim-mallorca.com/wp-content/uploads/2025/12/Mallorca-SERENA-Te-Chai-scaled.jpg","contentUrl":"https://testim-mallorca.com/wp-content/uploads/2025/12/Mallorca-SERENA-Te-Chai-scaled.jpg","width":1990,"height":2560,"caption":"OLYMPUS DIGITAL CAMERA"},{"@type":"BreadcrumbList","@id":"https://testim-mallorca.com/de/producto/techai/#breadcrumb","itemListElement":[{"@type":"ListItem","position":1,"name":"Portada","item":"https://testim-mallorca.com/de/"},{"@type":"ListItem","position":2,"name":"Shop","item":"https://testim-mallorca.com/de/shop/"},{"@type":"ListItem","position":3,"name":"CHAI-TEE"}]},{"@type":"WebSite","@id":"https://testim-mallorca.com/#website","url":"https://testim-mallorca.com/","name":"T&#039;Estim","description":"Infusions i tes ecològics de Mallorca","publisher":{"@id":"https://testim-mallorca.com/#organization"},"potentialAction":[{"@type":"SearchAction","target":{"@type":"EntryPoint","urlTemplate":"https://testim-mallorca.com/?s={search_term_string}"},"query-input":"required name=search_term_string"}],"inLanguage":"de-DE"},{"@type":"Organization","@id":"https://testim-mallorca.com/#organization","name":"T'Estim Mallorca","url":"https://testim-mallorca.com/","logo":{"@type":"ImageObject","inLanguage":"de-DE","@id":"https://testim-mallorca.com/#/schema/logo/image/","url":"https://testim-mallorca.com/wp-content/uploads/2022/06/Logo-testim-web-new.png","contentUrl":"https://testim-mallorca.com/wp-content/uploads/2022/06/Logo-testim-web-new.png","width":500,"height":173,"caption":"T'Estim Mallorca"},"image":{"@id":"https://testim-mallorca.com/#/schema/logo/image/"},"sameAs":["https://www.facebook.com/testimmallorca/","https://x.com/testim_mallorca","https://www.instagram.com/testim_mallorca_/","https://www.linkedin.com/company/testim-mallorca/about/"]}]}</script>
<!-- / Yoast SEO plugin. -->

Unser Chai-Tee vereint Zimt, Ingwer und traditionelle Gewürze zu einem intensiven und umhüllenden Geschmackserlebnis. Diese Mischung aus südindischem Assam-Schwarztee und BIO-Gewürzen wird seit fast zwei Jahrhunderten nicht nur wegen ihres kulinarischen Wertes, sondern auch als Heilgetränk zubereitet. Sie enthält eine große Menge an Antioxidantien, die zur Vorbeugung von Herzproblemen beitragen. Außerdem ist sie wirksam gegen schwere Magen-Darm-Infektionen und unterstützt eine bessere Funktion des Verdauungssystems.  Eigenschaften: entzündungshemmend, schmerzlindernd, verbessert die Verdauung, die Stimmung und den Blutzuckerspiegel.

Infusions i tes ecològics de Mallorca
